{"id":84,"date":"2020-01-29T17:39:17","date_gmt":"2020-01-29T16:39:17","guid":{"rendered":"http:\/\/praxis.zahnarztpraxis-bergmann.de\/?page_id=84"},"modified":"2020-03-07T17:21:53","modified_gmt":"2020-03-07T16:21:53","slug":"prophylaxe","status":"publish","type":"page","link":"https:\/\/zahnarztpraxis-bergmann.de\/index.php\/prophylaxe\/","title":{"rendered":"Prophylaxe"},"content":{"rendered":"\t\t<div data-elementor-type=\"wp-page\" data-elementor-id=\"84\" class=\"elementor elementor-84\">\n\t\t\t\t\t\t<section class=\"elementor-section elementor-top-section elementor-element elementor-element-03f220a elementor-section-stretched elementor-section-boxed elementor-section-height-default elementor-section-height-default\" data-id=\"03f220a\" data-element_type=\"section\" data-e-type=\"section\" data-settings=\"{&quot;stretch_section&quot;:&quot;section-stretched&quot;}\">\n\t\t\t\t\t\t<div class=\"elementor-container elementor-column-gap-default\">\n\t\t\t\t\t<div class=\"elementor-column elementor-col-100 elementor-top-column elementor-element elementor-element-16d24bc\" data-id=\"16d24bc\" data-element_type=\"column\" data-e-type=\"column\">\n\t\t\t<div class=\"elementor-widget-wrap elementor-element-populated\">\n\t\t\t\t\t\t<div class=\"elementor-element elementor-element-e8a25b7 elementor-widget elementor-widget-text-editor\" data-id=\"e8a25b7\" data-element_type=\"widget\" data-e-type=\"widget\" data-widget_type=\"text-editor.default\">\n\t\t\t\t<div class=\"elementor-widget-container\">\n\t\t\t\t\t\t\t\t\t<p><b><u>Erwachsenenprophylaxe \/ Professionelle Zahnreinigung<\/u><\/b><\/p>\n<p>Z\u00e4hneputzen ist Alltag &#8211; wie Essen, Trinken oder K\u00f6rperpflege. Professionelle Zahnreinigung bedeutet f\u00fcr Ihre Z\u00e4hne Feiertag. Denn gegen hartn\u00e4ckige Ablagerungen, Zahnstein und Verf\u00e4rbungen k\u00f6nnen Sie &#8211; selbst mit der gewissenhaftesten Zahnpflege &#8211; oftmals nicht genug ausrichten. Deshalb bieten wir Ihnen die Professionelle Zahnreinigung in unserer Praxis an, die Ihre t\u00e4gliche Mundpflege zu Hause perfekt erg\u00e4nzt. Bei der Professionellen Zahnreinigung werden mit Spezialinstrumenten auch die Problemzonen sauber, die Sie mit einer Hand &#8211; oder elektrischen Zahnb\u00fcrste nicht erreichen k\u00f6nnen.<\/p>\n<p>Zu einer Behandlung geh\u00f6ren:<br>&#8211; vollst\u00e4ndige Entfernung aller harten und weichen Ablagerungen von Zahnfl\u00e4chen und in den Zahnzwischenr\u00e4umen, von den erreichbaren Wurzeloberfl\u00e4chen bzw. aus den Zahnfleischtaschen.<br>&#8211; Politur der Z\u00e4hne und der sichtbaren Wurzeloberfl\u00e4chen mit speziellen Instrumenten und Pasten.<br>&#8211; Kontrolle, Nachreinigung und Fluoridierung<br>&#8211; Anleitung zur richtigen Mundhygiene<\/p>\n<p>Mit Hilfe der professionellen Zahnreinigung k\u00f6nnen Zahnfleischentz\u00fcndungen ausheilen!<\/p>\t\t\t\t\t\t\t\t<\/div>\n\t\t\t\t<\/div>\n\t\t\t\t\t<\/div>\n\t\t<\/div>\n\t\t\t\t\t<\/div>\n\t\t<\/section>\n\t\t\t\t<section class=\"elementor-section elementor-top-section elementor-element elementor-element-d3ad484 elementor-section-stretched elementor-section-boxed elementor-section-height-default elementor-section-height-default\" data-id=\"d3ad484\" data-element_type=\"section\" data-e-type=\"section\" data-settings=\"{&quot;stretch_section&quot;:&quot;section-stretched&quot;}\">\n\t\t\t\t\t\t<div class=\"elementor-container elementor-column-gap-default\">\n\t\t\t\t\t<div class=\"elementor-column elementor-col-100 elementor-top-column elementor-element elementor-element-ac6c116\" data-id=\"ac6c116\" data-element_type=\"column\" data-e-type=\"column\">\n\t\t\t<div class=\"elementor-widget-wrap elementor-element-populated\">\n\t\t\t\t\t\t<div class=\"elementor-element elementor-element-7b68faf elementor-widget elementor-widget-text-editor\" data-id=\"7b68faf\" data-element_type=\"widget\" data-e-type=\"widget\" data-widget_type=\"text-editor.default\">\n\t\t\t\t<div class=\"elementor-widget-container\">\n\t\t\t\t\t\t\t\t\t<p><b><u>Schwangerenprophylaxe<\/u><\/b><\/p><p>W\u00e4hrend der Schwangerschaft reagiert Ihre Mundh\u00f6hle sehr sensibel auf die Ver\u00e4nderungen in Ihrem K\u00f6rper. Die Hormonumstellung f\u00fchrt beispielsweise dazu, dass Ihr Zahnfleisch st\u00e4rker durchblutet wird, besonders empfindlich ist und leicht anschwillt. Intensive Zahn-, Zahnsaum- und Zahnzwischenraumpflege ist jetzt notwendig. Denn ohne konsequente Mundhygiene k\u00f6nnen durch den Zahnbelag (Plaque) Zahnfleischtaschen entstehen, in denen sich Bakterien ansiedeln. <br \/>Neben Karies sind Zahnfleischbluten und die so genannte Schwangerschaftsgingivitis (Zahnfleischentz\u00fcndung) die Folgen.<br \/>Unbehandelt kann eine Schwangerschaftsgingivitis in eine Parodontitis (Zahnbetterkrankung) \u00fcbergehen, welche das Risiko einer Fr\u00fchgeburt erh\u00f6ht. <\/p><p>Unser Prophylaxeteam hilft Ihnen, Ihre t\u00e4gliche Zahnpflege optimal auf Ihre Mundsituation abzustimmen und gibt Ihnen Tipps zur<br \/>richtigen Ern\u00e4hrung.<\/p>\t\t\t\t\t\t\t\t<\/div>\n\t\t\t\t<\/div>\n\t\t\t\t\t<\/div>\n\t\t<\/div>\n\t\t\t\t\t<\/div>\n\t\t<\/section>\n\t\t\t\t<section class=\"elementor-section elementor-top-section elementor-element elementor-element-7fa0bdb elementor-section-stretched elementor-section-boxed elementor-section-height-default elementor-section-height-default\" data-id=\"7fa0bdb\" data-element_type=\"section\" data-e-type=\"section\" data-settings=\"{&quot;stretch_section&quot;:&quot;section-stretched&quot;}\">\n\t\t\t\t\t\t<div class=\"elementor-container elementor-column-gap-default\">\n\t\t\t\t\t<div class=\"elementor-column elementor-col-100 elementor-top-column elementor-element elementor-element-66ec5ad\" data-id=\"66ec5ad\" data-element_type=\"column\" data-e-type=\"column\">\n\t\t\t<div class=\"elementor-widget-wrap elementor-element-populated\">\n\t\t\t\t\t\t<div class=\"elementor-element elementor-element-0a51e20 elementor-widget elementor-widget-text-editor\" data-id=\"0a51e20\" data-element_type=\"widget\" data-e-type=\"widget\" data-widget_type=\"text-editor.default\">\n\t\t\t\t<div class=\"elementor-widget-container\">\n\t\t\t\t\t\t\t\t\t<p><b><u>Kinderprophylaxe<\/u><\/b><\/p><p>Die Krankenkassen \u00fcbernehmen einmal halbj\u00e4hrlich eine Prophylaxebehandlung bei Kindern von 6 bis 17 Jahren. Dazu geh\u00f6ren eine Anleitung zur richtigen Zahnpflege sowie die Fluoridierung der Z\u00e4hne. Aber je nach Gegebenheiten kann man das Prophylaxeprogramm auch individuell erweitern.<br>Unser Prophylaxeteam ist Zahnputz- und Motivationsprofi, wenn es darum geht, Ihnen und Ihrem Kind altersbezogene Tipps zur Zahnpflege, Fluoridierung und Ern\u00e4hrung zu geben.<\/p>\t\t\t\t\t\t\t\t<\/div>\n\t\t\t\t<\/div>\n\t\t\t\t\t<\/div>\n\t\t<\/div>\n\t\t\t\t\t<\/div>\n\t\t<\/section>\n\t\t\t\t<\/div>\n\t\t","protected":false},"excerpt":{"rendered":"<p>Erwachsenenprophylaxe \/ Professionelle Zahnreinigung Z\u00e4hneputzen ist Alltag &#8211; wie Essen, Trinken oder K\u00f6rperpflege. Professionelle Zahnreinigung bedeutet f\u00fcr Ihre Z\u00e4hne Feiertag. Denn gegen hartn\u00e4ckige Ablagerungen, Zahnstein und Verf\u00e4rbungen k\u00f6nnen Sie &#8211; selbst mit der gewissenhaftesten Zahnpflege &#8211; oftmals nicht genug ausrichten. Deshalb bieten wir Ihnen die Professionelle Zahnreinigung in unserer Praxis an, die Ihre t\u00e4gliche Mundpflege [&hellip;]<\/p>\n","protected":false},"author":1,"featured_media":0,"parent":0,"menu_order":0,"comment_status":"closed","ping_status":"closed","template":"","meta":{"footnotes":""},"class_list":["post-84","page","type-page","status-publish","hentry"],"_links":{"self":[{"href":"https:\/\/zahnarztpraxis-bergmann.de\/index.php\/wp-json\/wp\/v2\/pages\/84","targetHints":{"allow":["GET"]}}],"collection":[{"href":"https:\/\/zahnarztpraxis-bergmann.de\/index.php\/wp-json\/wp\/v2\/pages"}],"about":[{"href":"https:\/\/zahnarztpraxis-bergmann.de\/index.php\/wp-json\/wp\/v2\/types\/page"}],"author":[{"embeddable":true,"href":"https:\/\/zahnarztpraxis-bergmann.de\/index.php\/wp-json\/wp\/v2\/users\/1"}],"replies":[{"embeddable":true,"href":"https:\/\/zahnarztpraxis-bergmann.de\/index.php\/wp-json\/wp\/v2\/comments?post=84"}],"version-history":[{"count":32,"href":"https:\/\/zahnarztpraxis-bergmann.de\/index.php\/wp-json\/wp\/v2\/pages\/84\/revisions"}],"predecessor-version":[{"id":732,"href":"https:\/\/zahnarztpraxis-bergmann.de\/index.php\/wp-json\/wp\/v2\/pages\/84\/revisions\/732"}],"wp:attachment":[{"href":"https:\/\/zahnarztpraxis-bergmann.de\/index.php\/wp-json\/wp\/v2\/media?parent=84"}],"curies":[{"name":"wp","href":"https:\/\/api.w.org\/{rel}","templated":true}]}}